{"id":29,"date":"2019-08-31T12:16:55","date_gmt":"2019-08-31T10:16:55","guid":{"rendered":"https:\/\/anwalt-offenbach.de\/wordpress\/?page_id=29"},"modified":"2025-03-13T11:51:44","modified_gmt":"2025-03-13T10:51:44","slug":"kontakt","status":"publish","type":"page","link":"https:\/\/anwalt-offenbach.de\/wordpress\/kontakt\/","title":{"rendered":"Kontakt"},"content":{"rendered":"<p>Rechtsanwaltskanzlei Koch, Schatz &#038; Kollegen<br \/>\nTulpenhofstr. 1<br \/>\n63067 Offenbach<\/p>\n<p>Tel.: 069 &#8211; 8008 5660 oder 069 &#8211; 99999 3310<br \/>\nFax.: 069 &#8211; 999 99 3317<\/p>\n<p><b><a href=\"mailto:info@anwalt-offenbach.de\">info@anwalt-offenbach.de<\/a><\/b><b><\/b><\/p>\n<div id=\"mitte\">\n<p><strong>Unsere Telefonsprechzeiten:<\/strong><br \/>\nMontag &#8211; Freitag\u00a0 10.00 &#8211; 12.00 Uhr<br \/>\nMontag &#8211; Mittwoch 15.00 &#8211; 17.00 Uhr<\/p>\n<p>Termine nach Vereinbarung.<\/p>\n<p><strong>Anfahrt mit dem Pkw aus Norden, S\u00fcden oder Westen:<\/strong><br \/>\n\u00dcber die A 661 (von S\u00fcden \u00fcber das Offenbacher Kreuz) bis zur Abfahrt Taunusring. Den vierspurigen Ring bis zur zweiten Ampel befahren, dort links in die Sprendlinger Landstra\u00dfe abbiegen. Diese Stra\u00dfe an den St\u00e4dtischen Kliniken vorbei bis zur Bahnunterf\u00fchrung befahren. Vor der Bahnunterf\u00fchrung auf die linke Spur einordnen. Nicht der Vorfahrtsstra\u00dfe folgen, sondern nach der Bahnunterf\u00fchrung geradeaus fahren. Die Kanzlei liegt im ersten Haus auf der rechten Stra\u00dfenseite im ersten Stock. Parkpl\u00e4tze sind in aller Regel tags\u00fcber in Kanzlein\u00e4he zu finden.<\/p>\n<p>Parkscheibe nicht vergessen !<\/p>\n<p><strong>Anfahrt mit \u00f6ffentlichen Verkehrsmitteln aus Frankfurt:<\/strong><br \/>\nVon Frankfurt aus nicht die S-Bahn, sondern die Fernbahn nutzen. Nur diese h\u00e4lt am Offenbacher Hauptbahnhof. Hier aussteigen und den Hauptausgang benutzen. Direkt links die Bismarckstra\u00dfe Richtung Frankfurt gehen. An der zweiten Bahnunterf\u00fchrung rechts in die Tulpenhofstra\u00dfe einbiegen. Die Kanzlei liegt im ersten Haus auf der rechten Stra\u00dfenseite im ersten Stock.<\/p>\n<\/div>\n","protected":false},"excerpt":{"rendered":"<p>Rechtsanwaltskanzlei Koch, Schatz &#038; Kollegen Tulpenhofstr. 1 63067 Offenbach Tel.: 069 &#8211; 8008 5660 oder 069 &#8211; 99999 3310 Fax.: 069 &#8211; 999 99 3317 info@anwalt-offenbach.de Unsere Telefonsprechzeiten: Montag &#8211; Freitag\u00a0 10.00 &#8211; 12.00 Uhr Montag &#8211; Mittwoch 15.00 &#8211; 17.00 Uhr Termine nach Vereinbarung. Anfahrt mit dem Pkw aus Norden, S\u00fcden oder Westen: \u00dcber [&hellip;]<\/p>\n","protected":false},"author":1,"featured_media":0,"parent":0,"menu_order":0,"comment_status":"closed","ping_status":"closed","template":"","meta":{"footnotes":""},"class_list":["post-29","page","type-page","status-publish","hentry"],"_links":{"self":[{"href":"https:\/\/anwalt-offenbach.de\/wordpress\/wp-json\/wp\/v2\/pages\/29","targetHints":{"allow":["GET"]}}],"collection":[{"href":"https:\/\/anwalt-offenbach.de\/wordpress\/wp-json\/wp\/v2\/pages"}],"about":[{"href":"https:\/\/anwalt-offenbach.de\/wordpress\/wp-json\/wp\/v2\/types\/page"}],"author":[{"embeddable":true,"href":"https:\/\/anwalt-offenbach.de\/wordpress\/wp-json\/wp\/v2\/users\/1"}],"replies":[{"embeddable":true,"href":"https:\/\/anwalt-offenbach.de\/wordpress\/wp-json\/wp\/v2\/comments?post=29"}],"version-history":[{"count":8,"href":"https:\/\/anwalt-offenbach.de\/wordpress\/wp-json\/wp\/v2\/pages\/29\/revisions"}],"predecessor-version":[{"id":566,"href":"https:\/\/anwalt-offenbach.de\/wordpress\/wp-json\/wp\/v2\/pages\/29\/revisions\/566"}],"wp:attachment":[{"href":"https:\/\/anwalt-offenbach.de\/wordpress\/wp-json\/wp\/v2\/media?parent=29"}],"curies":[{"name":"wp","href":"https:\/\/api.w.org\/{rel}","templated":true}]}}