{"id":170,"date":"2019-09-10T09:12:41","date_gmt":"2019-09-10T07:12:41","guid":{"rendered":"https:\/\/anwalt-offenbach.de\/wordpress\/?page_id=170"},"modified":"2025-03-13T11:51:08","modified_gmt":"2025-03-13T10:51:08","slug":"kanzlei","status":"publish","type":"page","link":"https:\/\/anwalt-offenbach.de\/wordpress\/kanzlei\/","title":{"rendered":"Kanzlei"},"content":{"rendered":"<p><img loading=\"lazy\" decoding=\"async\" class=\"alignleft size-medium wp-image-173\" src=\"https:\/\/anwalt-offenbach.de\/wordpress\/wp-content\/uploads\/2019\/09\/villa-300x196.jpg\" alt=\"\" width=\"300\" height=\"196\" srcset=\"https:\/\/anwalt-offenbach.de\/wordpress\/wp-content\/uploads\/2019\/09\/villa-300x196.jpg 300w, https:\/\/anwalt-offenbach.de\/wordpress\/wp-content\/uploads\/2019\/09\/villa.jpg 579w\" sizes=\"auto, (max-width: 300px) 100vw, 300px\" \/>Im Fr\u00fchsommer 1994 haben wir, Peter Koch und Dr. Alexander Herbert, uns zu einer Soziet\u00e4t zusammengeschlossen. Aus unterschiedlichen juristischen Richtungen kommend, streben wir eine gesunde Mischung aus praxisbezogenem Arbeiten und theoretischer Fundierung an.<br \/>\nW\u00e4hrend Peter Koch seine mehrj\u00e4hrigen Erfahrungen aus der T\u00e4tigkeit bei einer Rechtsschutzversicherung einbringen konnte, steht Alexander Herbert aufgrund seiner T\u00e4tigkeit als wissenschaftlicher Mitarbeiter an der Johann-Wolfgang-Goethe Universit\u00e4t Frankfurt und seiner Arbeit in einer Frankfurter Gro\u00dfkanzlei f\u00fcr die wissenschaftlich vertiefte juristische Arbeitsweise.<\/p>\n<p>Ausgangspunkt der gemeinsamen Kanzleigr\u00fcndung war die pers\u00f6nliche Freundschaft und die \u00dcberzeugung, einem breiten Publikum die Schwellenangst vor der Inanspruchnahme anwaltlicher Dienstleistungen zu nehmen.<br \/>\nDementsprechend w\u00e4hlten wir den Standort der Kanzlei bewu\u00dft nicht im Gesch\u00e4ftszentrum der Stadt Offenbach, der wir beide entstammen, sondern in einem alten Wohngebiet.<br \/>\nDie Geschichte unserer Kanzlei wie auch die Reaktion unserer Mandanten best\u00e4tigen dieses Konzept.<\/p>\n<p>Gute Arbeit kann &#8211; so sind wir \u00fcberzeugt &#8211; auf Dauer nur geleistet werden, wenn alle mit Spa\u00df bei der Sache sind.<br \/>\nVoraussetzung hierf\u00fcr ist ein gutes Betriebsklima und das Bewu\u00dftsein, als Team an einem Strang zu ziehen. Das schlie\u00dft nicht aus, durch eine Verst\u00e4rkung der Spezialisierung des einzelnen Anwalts die fachliche Qualifikation weiter zu steigern.<br \/>\nAuch in Zukunft soll nicht die Akte und der abstrakte Fall, sondern der Kunde mit seinen realen menschlichen Problemen im Mittelpunkt unserer T\u00e4tigkeit stehen.<\/p>\n<p>Wir engagieren uns in der Ausbildung.<br \/>\nVon Anfang an haben wir junge Juristen im Rahmen des Studienpraktikums, vor allem aber w\u00e4hrend des Referendariats an den Beruf herangef\u00fchrt.<br \/>\nRechtsanwalt Dr. Herbert war dar\u00fcber hinaus auch als Dozent in der Referendarausbildung f\u00fcr das Fachgebiet Verwaltungsrecht im Einsatz.<\/p>\n<p>Im Jahr 2003 wurde Frau Rechtsanw\u00e4ltin Monika Mieth Sozia unserer Kanzlei, seit 2021 ist sie als freie Mitarbeiterin t\u00e4tig. Im Jahre 2016 verst\u00e4rkten wir unser Team mit dem Zugang von Herrn Rechtsanwalt Andreas Schatz, der dann bereits 2018 Partner in der Soziet\u00e4t wurde. <\/p>\n<p>Am 01.01.2025 verst\u00e4rkten wir unser Team durch den Zugang von Frau Rechtsanw\u00e4ltin Claudia Ostarek, die zudem Fachanw\u00e4ltin f\u00fcr die Gebiete Sozialrecht und Versicherungsrecht ist. <\/p>\n<p>Am 10.01.2025 trat Herr Rechtsanwalt Dr. Herbert altersbedingt aus der Soziet\u00e4t aus und arbeitet seitdem als freier Mitarbeiter f\u00fcr die Kanzlei weiter. Seit dem 01.03.2025 firmiert die Kanzlei unter dem neuen Namen &#8222;Koch, Schatz &#038; Kollegen&#8220;. Partner der Soziet\u00e4t sind seitdem Rechtsanw\u00e4lte Peter Koch und Andreas Schatz. <\/p>\n<p>Zur Vorbereitung Ihres ersten Termins lesen Sie bitte <a href=\"https:\/\/anwalt-offenbach.de\/wordpress\/terminvorbereitung\/\">hier<\/a> weiter.<\/p>\n","protected":false},"excerpt":{"rendered":"<p>Im Fr\u00fchsommer 1994 haben wir, Peter Koch und Dr. Alexander Herbert, uns zu einer Soziet\u00e4t zusammengeschlossen. Aus unterschiedlichen juristischen Richtungen kommend, streben wir eine gesunde Mischung aus praxisbezogenem Arbeiten und theoretischer Fundierung an. W\u00e4hrend Peter Koch seine mehrj\u00e4hrigen Erfahrungen aus der T\u00e4tigkeit bei einer Rechtsschutzversicherung einbringen konnte, steht Alexander Herbert aufgrund seiner T\u00e4tigkeit als wissenschaftlicher [&hellip;]<\/p>\n","protected":false},"author":1,"featured_media":0,"parent":0,"menu_order":0,"comment_status":"closed","ping_status":"closed","template":"","meta":{"footnotes":""},"class_list":["post-170","page","type-page","status-publish","hentry"],"_links":{"self":[{"href":"https:\/\/anwalt-offenbach.de\/wordpress\/wp-json\/wp\/v2\/pages\/170","targetHints":{"allow":["GET"]}}],"collection":[{"href":"https:\/\/anwalt-offenbach.de\/wordpress\/wp-json\/wp\/v2\/pages"}],"about":[{"href":"https:\/\/anwalt-offenbach.de\/wordpress\/wp-json\/wp\/v2\/types\/page"}],"author":[{"embeddable":true,"href":"https:\/\/anwalt-offenbach.de\/wordpress\/wp-json\/wp\/v2\/users\/1"}],"replies":[{"embeddable":true,"href":"https:\/\/anwalt-offenbach.de\/wordpress\/wp-json\/wp\/v2\/comments?post=170"}],"version-history":[{"count":10,"href":"https:\/\/anwalt-offenbach.de\/wordpress\/wp-json\/wp\/v2\/pages\/170\/revisions"}],"predecessor-version":[{"id":455,"href":"https:\/\/anwalt-offenbach.de\/wordpress\/wp-json\/wp\/v2\/pages\/170\/revisions\/455"}],"wp:attachment":[{"href":"https:\/\/anwalt-offenbach.de\/wordpress\/wp-json\/wp\/v2\/media?parent=170"}],"curies":[{"name":"wp","href":"https:\/\/api.w.org\/{rel}","templated":true}]}}